{"id":148,"date":"2010-12-30T23:17:32","date_gmt":"2010-12-31T04:17:32","guid":{"rendered":"http:\/\/eglisetroisiemejour.ca\/?page_id=148"},"modified":"2011-01-13T20:41:36","modified_gmt":"2011-01-14T01:41:36","slug":"declarationdefoi","status":"publish","type":"page","link":"http:\/\/eglisetroisiemejour.ca\/?page_id=148","title":{"rendered":"Notre d\u00e9claration de foi"},"content":{"rendered":"<p><span style=\"color: #000000;\">Nous croyons que la Bible est inspir\u00e9e de Dieu et qu&#8217;elle est infaillible et qu&#8217;elle est l&#8217;autorit\u00e9 supr\u00eame de Dieu (2Tim.3:16,17)<\/span><\/p>\n<p><span style=\"color: #000000;\">Nos croyons dans la trinit\u00e9 \u00e9ternelle de Dieu, en la personne du P\u00e8re, du Fils et du Saint-Esprit. (Matt. 28:19; 2Cor13:13)<\/span><\/p>\n<p><span style=\"color: #000000;\">Nous croyons en la divinit\u00e9 de J\u00e9sus-Christ, n\u00e9 d&#8217;une vierge, dans sa vie sans p\u00e9ch\u00e9, dans ses miracles, qu&#8217;il a tout accomplit \u00e0 sa mort par son sang vers\u00e9 pour notre r\u00e9demption, dans sa r\u00e9surrection physique, dans son ascension et est assis \u00e0 la droite de Dieu le P\u00e8re et dans son pr\u00e9sent minist\u00e8re sacerdotal(souverain sacrificateur) (H\u00e9b.10:11,12; Es.7:14; 1Pie. 2:22; H\u00e9b. 10:11,12; Es. 9:5; H\u00e9b. 10:12; Marc 14:28)<\/span><\/p>\n<p><span style=\"color: #000000;\">Nous croyons que pour le salut des \u00e2mes perdues, il faut une repentance sinc\u00e8re de ses p\u00e9ch\u00e9s devant Dieu et il faut lui donner sa vie enti\u00e8re afin qu&#8217;il puisse la diriger selon sa volont\u00e9. Ceux qui sont\u00a0 sauv\u00e9s seront avec le Seigneur pour l&#8217;\u00e9ternit\u00e9 tandis que ceux qui ne sons pas sauv\u00e9s iront en enfer pour l&#8217;\u00e9ternit\u00e9. (Luc 15:7; Jean 3:16; Apoc. 20:10)<\/span><\/p>\n<p><span style=\"color: #000000;\">Nous croyons que la transformation par le Saint-Esprit est absolument essentielle (Act. 1:4,5; 2Cor 3:18; Tites 3:5)<\/span><\/p>\n<p><span style=\"color: #000000;\">Nous croyons \u00e0 la sanctification et \u00e0 la saintet\u00e9, de coeur et du triomphe pr\u00e9vu par Dieu, pour son \u00c9glise qui est l&#8217;\u00e9pouse de Christ. (1Pie. 1:14-15)<\/span><\/p>\n<p><span style=\"color: #000000;\">Nous croyons dans le bapt\u00eame par immersion pour les nouveaux convertis (Rom. 6:3,4; Matt. 3:13; Act. 9:18)<\/span><\/p>\n<p><span style=\"color: #000000;\">Nous croyons dans le bapt\u00eame du Saint-Esprit comme au jour de la pentec\u00f4te et du minist\u00e8re du Saint-Esprit par les manifestations des dons charismatiques et minist\u00e9riels et dans ses fruits dans la vie du croyant. (1Cor 12:1; Act. 1:4-8, 2:1-4) (&#8220;karisma&#8221; mot grec qui signifie: une manifestation par le Saint-Esprit)<\/span><\/p>\n<p><span style=\"color: #000000;\">Nous croyons dans le retour imminent et personnel de J\u00e9sus-Christ et avec gloire et dans sa domination pr\u00e9sente et \u00e9ternelle (Jean 14:1-13; 2 Thes 2:1)<\/span><\/p>\n","protected":false},"excerpt":{"rendered":"<p>Nous croyons que la Bible est inspir\u00e9e de Dieu et qu&#8217;elle est infaillible et qu&#8217;elle est l&#8217;autorit\u00e9 supr\u00eame de Dieu (2Tim.3:16,17) Nos croyons dans la trinit\u00e9 \u00e9ternelle de Dieu, en la personne du P\u00e8re, du Fils et du Saint-Esprit. (Matt. &hellip; <a class=\"more-link\" href=\"http:\/\/eglisetroisiemejour.ca\/?page_id=148\">Continue reading <span class=\"meta-nav\">&rarr;<\/span><\/a><\/p>\n","protected":false},"author":1,"featured_media":0,"parent":53,"menu_order":0,"comment_status":"closed","ping_status":"open","template":"","meta":{"footnotes":""},"class_list":["post-148","page","type-page","status-publish","hentry"],"_links":{"self":[{"href":"http:\/\/eglisetroisiemejour.ca\/index.php?rest_route=\/wp\/v2\/pages\/148","targetHints":{"allow":["GET"]}}],"collection":[{"href":"http:\/\/eglisetroisiemejour.ca\/index.php?rest_route=\/wp\/v2\/pages"}],"about":[{"href":"http:\/\/eglisetroisiemejour.ca\/index.php?rest_route=\/wp\/v2\/types\/page"}],"author":[{"embeddable":true,"href":"http:\/\/eglisetroisiemejour.ca\/index.php?rest_route=\/wp\/v2\/users\/1"}],"replies":[{"embeddable":true,"href":"http:\/\/eglisetroisiemejour.ca\/index.php?rest_route=%2Fwp%2Fv2%2Fcomments&post=148"}],"version-history":[{"count":6,"href":"http:\/\/eglisetroisiemejour.ca\/index.php?rest_route=\/wp\/v2\/pages\/148\/revisions"}],"predecessor-version":[{"id":194,"href":"http:\/\/eglisetroisiemejour.ca\/index.php?rest_route=\/wp\/v2\/pages\/148\/revisions\/194"}],"up":[{"embeddable":true,"href":"http:\/\/eglisetroisiemejour.ca\/index.php?rest_route=\/wp\/v2\/pages\/53"}],"wp:attachment":[{"href":"http:\/\/eglisetroisiemejour.ca\/index.php?rest_route=%2Fwp%2Fv2%2Fmedia&parent=148"}],"curies":[{"name":"wp","href":"https:\/\/api.w.org\/{rel}","templated":true}]}}