{"id":139,"date":"2010-12-30T22:55:04","date_gmt":"2010-12-31T03:55:04","guid":{"rendered":"http:\/\/eglisetroisiemejour.ca\/?page_id=139"},"modified":"2014-04-28T18:23:51","modified_gmt":"2014-04-28T23:23:51","slug":"equipe","status":"publish","type":"page","link":"http:\/\/eglisetroisiemejour.ca\/?page_id=139","title":{"rendered":"\u00c9quipe Pastoral"},"content":{"rendered":"<p><span style=\"color: #000000;\"><strong>Notre \u00e9quipe pastoral<\/strong><\/span><\/p>\n<p><span style=\"color: #000000;\"><span style=\"text-decoration: underline;\">Pasteur s\u00e9nior:<\/span><\/span><\/p>\n<p><span style=\"color: #000000;\">Pasteur Claude et Rosanne Danis<br \/>\n<img decoding=\"async\" src=\"http:\/\/eglisetroisiemejour.ca\/Claude et Rosanne.JPG\" alt=\"\" \/><\/span><\/p>\n<p><span style=\"color: #000000;\"><span style=\"text-decoration: underline;\">\u00c9quipe pastorale:<\/span><\/span><\/p>\n<p><span style=\"color: #000000;\">Pasteure Denise St-Jaques Dion<br \/>\n<img decoding=\"async\" src=\"http:\/\/eglisetroisiemejour.ca\/denise.jpg\" alt=\"\" \/><\/span><\/p>\n","protected":false},"excerpt":{"rendered":"<p>Notre \u00e9quipe pastoral Pasteur s\u00e9nior: Pasteur Claude et Rosanne Danis \u00c9quipe pastorale: Pasteure Denise St-Jaques Dion<\/p>\n","protected":false},"author":1,"featured_media":0,"parent":53,"menu_order":0,"comment_status":"closed","ping_status":"open","template":"","meta":{"footnotes":""},"class_list":["post-139","page","type-page","status-publish","hentry"],"_links":{"self":[{"href":"http:\/\/eglisetroisiemejour.ca\/index.php?rest_route=\/wp\/v2\/pages\/139","targetHints":{"allow":["GET"]}}],"collection":[{"href":"http:\/\/eglisetroisiemejour.ca\/index.php?rest_route=\/wp\/v2\/pages"}],"about":[{"href":"http:\/\/eglisetroisiemejour.ca\/index.php?rest_route=\/wp\/v2\/types\/page"}],"author":[{"embeddable":true,"href":"http:\/\/eglisetroisiemejour.ca\/index.php?rest_route=\/wp\/v2\/users\/1"}],"replies":[{"embeddable":true,"href":"http:\/\/eglisetroisiemejour.ca\/index.php?rest_route=%2Fwp%2Fv2%2Fcomments&post=139"}],"version-history":[{"count":28,"href":"http:\/\/eglisetroisiemejour.ca\/index.php?rest_route=\/wp\/v2\/pages\/139\/revisions"}],"predecessor-version":[{"id":692,"href":"http:\/\/eglisetroisiemejour.ca\/index.php?rest_route=\/wp\/v2\/pages\/139\/revisions\/692"}],"up":[{"embeddable":true,"href":"http:\/\/eglisetroisiemejour.ca\/index.php?rest_route=\/wp\/v2\/pages\/53"}],"wp:attachment":[{"href":"http:\/\/eglisetroisiemejour.ca\/index.php?rest_route=%2Fwp%2Fv2%2Fmedia&parent=139"}],"curies":[{"name":"wp","href":"https:\/\/api.w.org\/{rel}","templated":true}]}}

Équipe Pastoral

<p><span style="color: #000000;"><strong>Notre équipe pastoral</strong></span></p>
<p><span style="color: #000000;"><span style="text-decoration: underline;">Pasteur sénior:</span></span></p>
<p><span style="color: #000000;">Pasteur Claude et Rosanne Danis<br />
<img decoding="async" src="http://eglisetroisiemejour.ca/Claude et Rosanne.JPG" alt="" /></span></p>
<p><span style="color: #000000;"><span style="text-decoration: underline;">Équipe pastorale:</span></span></p>
<p><span style="color: #000000;">Pasteure Denise St-Jaques Dion<br />
<img decoding="async" src="http://eglisetroisiemejour.ca/denise.jpg" alt="" /></span></p>

<p>Notre équipe pastoral Pasteur sénior: Pasteur Claude et Rosanne Danis Équipe pastorale: Pasteure Denise St-Jaques Dion</p>
